 1956 = 0. What are the prime factors of b?
2, 3, 163
Suppose 74 - 1916 = -6*x. Suppose -5*j = 5*a - x - 123, -4*a + 4*j + 344 = 0. Suppose 0 = -5*q + 4*f + a, 0*q + 5*q = 3*f + 82. What are the prime factors of q?
2, 7
Let q(f) = 4*f**2 + 6*f + 35. List the prime factors of q(6).
5, 43
Let x(q) = 2*q**2 + 15*q - 2. Suppose 33 = 3*o - 6*o. Let s be x(o). Suppose 5*g - 4*c - 75 = -6*c, 0 = 5*g - c - s. List the prime factors of g.
3, 5
Let i = -46 - -70. Suppose -4*a = 2*v - 4 - i, 3*v - 62 = -2*a. List the prime factors of v.
2, 3
Suppose 2*s - 4*s + 3*h + 2683 = 0, 0 = 4*s + 5*h - 5355. What are the prime factors of s?
2, 5, 67
Let f(b) = b**3 - 5*b**2 - 3*b + 17. Let k be f(5). Suppose 0 = -4*z - k*z + 312. What are the prime factors of z?
2, 13
Suppose s + 5*c + 0 = -8, 4*s = -4*c + 32. Suppose p - s = -3*p. Suppose 4*m - 41 = 3*g, 2*g = m - p*g + 11. List the prime factors of m.
2, 7
List the prime factors of ((-10994)/161)/(1/(-7)).
2, 239
Suppose 2*h - 3 = -11. Let x(d) = -5*d + 2. Let l be x(h). What are the prime factors of l/(-3)*6/(-4)?
11
Let r(z) = 30*z + 2. Let p = -14 - -15. Let c be r(p). Let f = 64 - c. List the prime factors of f.
2
Suppose -1084*t + 1080*t = -15708. What are the prime factors of t?
3, 7, 11, 17
Let q(f) = -2*f**2 + 9*f - 10. Let i be q(5). What are the prime factors of (i - -147) + ((-2)/(-2) - 1)?
2, 3, 11
Let u(a) be the first derivative of a**2/2 + 7*a + 6. What are the prime factors of u(4)?
11
Let w = -1405 + 2981. What are the prime factors of w?
2, 197
Let t(g) = g**3 + 19*g**2 - 20*g + 2. Let d be t(-20). Suppose u + d*h - 86 = -16, -4*u + 215 = -5*h. List the prime factors of u.
2, 3, 5
Suppose 1640 = y + 4*y. Suppose 3*o = 7*o - y. What are the prime factors of o?
2, 41
Suppose -2*w - 2*m + 840 = 0, 14*w + 2109 = 19*w - 4*m. List the prime factors of w.
421
Let q be (-1*(-23)/3)/(3/54). Let t = 179 - q. List the prime factors of t.
41
Let d be (11/(-3) + 0)/((-5)/(-60)). Let m = d + 76. List the prime factors of m.
2
Let n = -79 + 84. Suppose -2*u - 4*f + 376 = 0, 0 = n*u - 3*f + 8*f - 945. What are the prime factors of u?
2, 5, 19
Let p be 0 + 2 + -2 + 5. Suppose p*i + 2 + 3 = 0. What are the prime factors of 3*i*40/(-12)?
2, 5
Let z(y) = y**3 + 21*y**2 - 21*y - 3. What are the prime factors of z(-17)?
2, 5, 151
Let k(y) = y**3 - 3*y**2 - 2*y + 1. Let p be k(-2). List the prime factors of (-6)/p + (-684)/(-15).
2, 23
Suppose -5*f - 2*c = 0, f + 0*c + 12 = 2*c. What are the prime factors of 170/10 + (-2)/f?
2, 3
Let u = 4258 - -109. List the prime factors of u.
11, 397
Let p(c) = 9*c**2 - 5*c**3 - 6*c**2 - 4*c**2 + 4*c + 3*c**3 + 3. What are the prime factors of p(-3)?
2, 3
Let u = 1175 + -26. What are the prime factors of u?
3, 383
Let d = 53 - 26. Suppose 0 = 2*y - 107 - d. What are the prime factors of y?
67
Let u be (22 + (-3 - 1))*41. Suppose -c + 291 = 2*y + 4*c, -5*y - 2*c + u = 0. Suppose 2*x = -2*x + y. List the prime factors of x.
37
Let k be (-115)/(-25) + -2 + 24/10. Suppose -2*h + 10 = -0*j + 4*j, -5*j = -k*h - 50. List the prime factors of j.
5
Let g = 40 + -78. Let q be g + 3 + (-6)/(-2). Let p = -4 - q. What are the prime factors of p?
2, 7
Let o(u) = 15*u**2 - 25*u + 92. List the prime factors of o(-14).
2, 19, 89
Let i(y) be the second derivative of y**6/60 - y**5/120 + y**4/12 + 2*y. Let d(r) be the third derivative of i(r). List the prime factors of d(1).
11
Suppose -3*p - 2*u = -21, 0*p = 4*p + 3*u - 29. Suppose 0*y + 5*y + 33 = f, -y - p*f = -9. List the prime factors of ((-8)/y)/(4/102).
2, 17
Let d(i) = 2*i**2 + 28*i + 32. Let u be d(-22). Suppose 3*g - x - 372 = 0, -6*g + 5*x + u = -3*g. What are the prime factors of g?
3, 41
Let d = -83 + 123. What are the prime factors of d?
2, 5
Let g be 2 + 0 + (-16)/(-4). Suppose g*y + v - 206 = y, -3*y + 127 = 4*v. What are the prime factors of y?
41
List the prime factors of 3/(-2) - (1 - (-66)/(-4)).
2, 7
Let s = -23 - -31. Suppose 7*n - 2*n = i + s, -2*i - 3*n + 10 = 0. Suppose 2*g + x - 68 = 0, -i*g - 3*x + 1 = -67. What are the prime factors of g?
2, 17
Let u = -52 - -50. List the prime factors of (-5)/u*124/5.
2, 31
What are the prime factors of 4/11 + 275177/209?
3, 439
Suppose -81*s - 480 = -85*s. List the prime factors of s.
2, 3, 5
Let b(r) = 35*r**2 + 64*r + 312. List the prime factors of b(-5).
3, 17
Let b = 90 - 42. Let d = -29 + b. Suppose -g + d = 4*q + q, -g + q = -37. What are the prime factors of g?
2, 17
Suppose -70545 = 14*b - 29*b. List the prime factors of b.
4703
Let w(v) = 2*v + 14. Let z be w(-7). Suppose z*a = -3*a - 3. List the prime factors of (4 + -12)*1/a.
2
Let q(h) = 2*h - 5. Let g be q(5). Let o(m) = 5 - 2 - 3*m - m + 4 + m**2. List the prime factors of o(g).
2, 3
Let c = -186 - -325. What are the prime factors of c?
139
What are the prime factors of -177*((-4)/1 - -3)?
3, 59
Let l = -709 - -490. Let o be -1*(-4 + -3 + l). Let q = -160 + o. What are the prime factors of q?
2, 3, 11
Let f(k) = -2*k - 35. Let i be f(-17). List the prime factors of i - ((-1315)/13 - (-30)/195).
2, 5
Let q(w) = 23*w + 10. Let y be q(-3). Let p = 106 + y. Suppose -4*c = -4*n + p + 37, 2*n - 39 = -c. List the prime factors of n.
2, 5
Let d = -13 + 20. Suppose d = 2*o - 1. Let v = o - -8. List the prime factors of v.
2, 3
Suppose 2*z + 3*h - 7259 = 0, -3*h + 14527 = 8*z - 4*z. List the prime factors of z.
2, 23, 79
Suppose -2*r = -r - 54. Suppose -r = -6*p + 24. Let v = -2 + p. What are the prime factors of v?
11
Let z(d) = -2*d**2 - 4*d + 9. Let a be z(-3). Suppose -5*r - a*c + 202 = -134, 2*c = -6. What are the prime factors of r?
3, 23
Let z(f) = -2*f**3 + 70*f**2 - 38*f + 131. List the prime factors of z(34).
1151
Suppose 32*z = 35594 - 8650. List the prime factors of z.
2, 421
What are the prime factors of -42 + 895 + (-7 - -2)?
2, 53
Suppose -4 = 5*y + 36. Let v = y + 11. Suppose 3*z + 63 = 2*h, 0*h - 3*h - v*z = -87. List the prime factors of h.
2, 3, 5
Suppose -5*j + l + 405 = 0, 99 + 63 = 2*j - 3*l. List the prime factors of j.
3
Let q be -1 + 0/3 + 3. Let s(a) = 0*a + 2 - 4 + q*a + 3. List the prime factors of s(7).
3, 5
Suppose -x = -4*k - 474, 4*k = -x - 3*x - 484. Let n = -9 - k. What are the prime factors of n?
2, 5, 11
Let f(p) = -31*p**3 + 10*p**2 + 9*p + 12. Let m be f(-5). What are the prime factors of 1/((-18)/(-4)) - m/(-54)?
2, 19
Suppose -6*p = -7*p + 368. List the prime factors of p.
2, 23
Let x be 5/((-25)/5) + 3. Suppose 45 = x*z - z. What are the prime factors of z?
3, 5
Suppose -l = 5*b - 51, 0*l + b + 21 = l. List the prime factors of l.
2, 13
Suppose -3*c = -m + 81, c + 189 = 2*m + 4*c. Suppose -5*y = -160 - m. List the prime factors of y.
2, 5
Suppose 6*v - 229 = 929. Suppose -111 = -2*l + v. What are the prime factors of l?
2, 19
Let u(d) = 5*d**2 + 162*d + 69. List the prime factors of u(-38).
11, 103
Suppose 55*p - 1257 = 52*p. What are the prime factors of p?
419
Let m(u) be the second derivative of -u**5/20 + u**4 + 19*u**3/6 + 3*u**2 - 6*u. What are the prime factors of m(13)?
2, 3, 7
Suppose 4*a = 0, 5*j - 7*j - 8 = -4*a. Let y = j + 40. List the prime factors of y.
2, 3
Let y(j) = -2*j. Let u be y(-4). Let v = -709 + 719. Suppose u*m - v*m = -92. What are the prime factors of m?
2, 23
Let k(x) = 164*x - 271. What are the prime factors of k(11)?
3, 7, 73
Let x(n) = 101*n**3 + 5*n**2 - 2*n + 1. What are the prime factors of x(1)?
3, 5, 7
Let b = -15 - -7. Let w be b/(-2) - (-5 - -8). Let q = 30 + w. What are the prime factors of q?
31
Let k = 13 - 5. Let s(r) = r**3 - 7*r**2 - 3*r - 5. Let z be s(k). Suppose 16 = 3*w - z. List the prime factors of w.
17
Let b(t) = t**2 + t + 4. Let g be b(0). Suppose -3*y = -g*h - 96 - 61, 0 = 2*y + h - 112. What are the prime factors of y?
5, 11
Let i(w) = -w**3 + 28*w**2 - 50*w + 26. What are the prime factors of i(25)?
3, 7, 31
Let w(v) = -2*v - 3. Let z be w(-4). Suppose 147 = -11*i + 1027. Suppose i = z*a - a. List the prime factors of a.
2, 5
Let a = -632 + 1784. What are the prime factors of a?
2, 3
Suppose 271*g = 268*g + 5004. What are the prime factors of g?
2, 3, 139
Suppose -5*p = -w + 4*w - 23, -p = -4. Suppose 2*s + w - 7 = 0. Suppose s*v - 55 = 2*a - 0*a, -v + 25 = a. What are the prime factors of v?
3, 7
Let s = -311 + 648. List the prim